 Let w be y(-2). Suppose -w = -3*v + 66. Calculate the greatest common factor of 16 and v.
16
Suppose i + 6 = 3*i. Let v(k) = -15*k**2. Let o be v(-1). Let q be (-3)/2*20/o. Calculate the highest common divisor of q and i.
1
Let u(p) = 2*p - 1. Let h be u(-4). Let s be 26 - 6/h*-3. Calculate the greatest common factor of s and 16.
8
Suppose 5*j - 22 - 83 = 0. Let x be -1*3*(-1)/1. What is the highest common factor of x and j?
3
Let s = 16 + -9. Calculate the greatest common factor of s and 7.
7
Let z(q) = q**2 + 7. Let r be z(5). Suppose 6*f = 8*f - r. What is the greatest common divisor of 40 and f?
8
Let n be (21/6)/((-6)/(-12)). Suppose v + 2*q + 59 = 0, q + 6 = 2*v + 104. Let i = v - -107. Calculate the greatest common divisor of n and i.
7
Let s(r) = 45*r - 2. Let m be s(2). Calculate the greatest common divisor of 22 and m.
22
Let x be ((-4)/(-6))/(1/270). Suppose -3*c = 2*q - 46, 2*c - 3 = 1. What is the highest common factor of x and q?
20
Suppose 2*d - 2*a = -a + 13, 5*d + 5*a = -5. Let h = 3 + 43. Suppose -4*m = -16, 4*j + 5*m - 54 - h = 0. Calculate the highest common divisor of j and d.
4
Let i be 4/((-2)/11*-1). Calculate the highest common factor of i and 66.
22
Let l(a) = a**2 - 10*a - 16. Let k be l(13). What is the greatest common factor of k and 184?
23
Let v = 138 - 5. Calculate the highest common divisor of 19 and v.
19
Let c(q) = -36*q - 1. Let y be c(-4). What is the highest common factor of y and 13?
13
Let r(j) = -22*j**3 - 4*j**2 - 25*j**3 + j + 6*j**2. Let t be r(-1). What is the highest common factor of 72 and t?
24
Let s be -9*-1*(-4)/(-6). Let q(h) = 23*h - 3. Let l be q(3). Calculate the highest common factor of s and l.
6
Let a(z) = -z**3 + 6*z**2 - 2*z + 7. Let q be (-80)/24*(-18)/(-4). Let y be ((-6)/9)/(2/q). Let x be a(y). Calculate the highest common divisor of x and 33.
11
Suppose 0*f = 2*f - 40. Suppose -4*x = -2*x - f. What is the highest common factor of 25 and x?
5
Let x = 61 - 39. Let g = 35 - x. Calculate the highest common factor of g and 91.
13
Let v be 3*296/(-36)*-12. What is the highest common divisor of v and 37?
37
Suppose 0 = 2*z + 3*z - 180. What is the highest common divisor of z and 4?
4
Let a be 5220/75 - 3/5. Calculate the greatest common divisor of 46 and a.
23
Let q(m) = -54*m**2 - 3*m. Suppose -3*b = -5*b - 4. Let u be q(b). Let i be (u/9)/((-2)/6). What is the greatest common divisor of i and 28?
14
Suppose 11*u - 470 = 454. What is the highest common divisor of 42 and u?
42
Let q(g) = -8*g + 2. Let n be q(-4). Let d = -20 + n. Let r = d - -1. What is the greatest common factor of r and 120?
15
Let j be 1334/14 - (104/(-28) + 4). Calculate the highest common factor of 19 and j.
19
Suppose 25 = 5*w - 2*y - 0*y, -5*w + 25 = 5*y. Suppose -18 - 22 = -w*j. Let z be (-92)/(-6) - 2/(-3). What is the highest common factor of j and z?
8
Suppose 2*d - d - 6 = p, 5*d + 5*p = 30. Let w = 6 + d. Calculate the highest common divisor of w and 6.
6
Let b = 1 - -4. Let t(g) = 6*g + 0*g**3 - b - g**3 + 2*g**3 + 8*g**2. Let v be t(-5). What is the greatest common factor of 5 and v?
5
Let a = 60 - 33. What is the highest common divisor of 3 and a?
3
Let i(f) = f**3 + 8*f**2 - 10*f + 1. Let v be i(-9). Suppose -3*z = -4*z + v. Suppose 3*b - z = -1. What is the highest common divisor of 21 and b?
3
Suppose -6*t + 3 = 3*f - 3*t, 0 = 4*t + 12. Suppose 2*d = -d - 4*c + 101, 2*d - 74 = f*c. What is the greatest common factor of d and 14?
7
Let a be (-26)/6 - 1/(-3). Let x(g) = g. Let n be x(a). Let c be (-584)/(-14) + n/(-14). What is the highest common factor of c and 14?
14
Let o = -15 - -87. Suppose o = 4*n - 3*n. What is the highest common divisor of 9 and n?
9
Let t be (1 - (-1)/(-2))*12. Let m(n) = n**3 - 5*n**2 + 2*n + 8. Let l be m(t). Suppose w = 12 - 4. Calculate the highest common factor of w and l.
8
Suppose -w - 192 = -5*w. Suppose -5*d - w + 363 = 0. What is the greatest common factor of 7 and d?
7
Let p = -65 + 77. Suppose -y - 252 = -4*y. Calculate the greatest common divisor of y and p.
12
Suppose p + 5 = q, -5*p + 0*q = -3*q + 17. Let t be -23 + p/(-2)*2. Let z = -13 - t. Calculate the greatest common factor of z and 1.
1
Let h = -102 + 174. Calculate the highest common factor of h and 8.
8
Let o = -18 - -33. What is the greatest common divisor of 165 and o?
15
Let i be 171/7 + (-81)/189. What is the greatest common factor of i and 16?
8
Suppose 0 = -4*z + 3*z + 6. Let a = -2 - 1. Let k be (-6)/a + 11 + -4. What is the highest common divisor of z and k?
3
Suppose -2*a - 3*a = 15. Let v(i) = 0 - i**2 - 1 - 5*i - 1. Let o be v(a). What is the greatest common divisor of o and 10?
2
Let j = 143 + -38. Let f(b) = -b**3 + 6*b**2 - 2*b - 6. Let t be f(3). Calculate the highest common divisor of t and j.
15
Let m = 47 + -40. Calculate the greatest common factor of 7 and m.
7
Suppose -2*a - 2*a = -8. Suppose -j = a*j + 6. Let o = j - -19. Calculate the greatest common factor of 187 and o.
17
Suppose -104 = -3*v - v - a, 78 = 3*v + 4*a. Let j = v - 18. Let w(c) = 3*c - 6. Let x be w(6). Calculate the greatest common divisor of x and j.
4
Let d(i) = i**2 + 5*i + 6. Let v be d(9). Calculate the highest common divisor of 44 and v.
44
Suppose -4*c + 3*c + 2 = 0. Suppose c*b + 9 = 25. What is the highest common factor of b and 88?
8
Let i = 6 - -2. Let n(a) = -a**3 + 7*a**2 + 9*a. Let y be n(i). Let t(f) = 11*f**2 - f. Let h be t(-1). What is the greatest common divisor of h and y?
4
Let i be ((-4)/8)/((-1)/10). Let c = i - 4. Suppose -55 = -5*g - 4*u + c, 5*g - 57 = -3*u. Calculate the highest common divisor of 8 and g.
4
Suppose 0*j - 728 = -5*j + 3*g, 5*g = 2*j - 276. Let c = j - 57. What is the greatest common factor of c and 13?
13
Suppose 0 = 4*c + 2*d - 0*d + 10, -2*c = -d + 7. Let f(j) = -3*j - 4 - 3*j - j**2 + 2. Let s be f(c). Calculate the greatest common divisor of s and 63.
7
Suppose -65 = -3*q - 2*q. Suppose -160 = 5*u - z - 685, -5*u + 535 = -3*z. Calculate the highest common divisor of q and u.
13
Suppose 5*d + 7*x - 3*x - 4 = 0, -2*d = -3*x + 3. Suppose 5*g - 2*a - 36 = 0, d*a = -2*g + a + 15. What is the highest common divisor of g and 48?
6
Suppose 0 = 4*z - 5 - 11. Let j(t) = 4*t - t**3 + z*t**2 - 8*t + 0 + 3. Let u be j(2). Calculate the highest common factor of 12 and u.
3
Let q be -13 + (0 - (5 - 3)). Let w be 12/(-10)*q/(-3). Let g = 10 + w. What is the highest common divisor of g and 12?
4
Let b = 8 + -6. Suppose b = d - 0. Suppose 14 - d = k. What is the highest common factor of k and 4?
4
Let y(h) = 22*h - 8. Let p be y(4). Calculate the highest common factor of 10 and p.
10
Suppose 10*j - 5*j - 160 = 0. Let q(i) = i**2 + 6*i + 8. Let f be q(6). Calculate the greatest common divisor of f and j.
16
Let g(q) = q**2 - q - 3. Let o be (4/6)/((-2)/(-21)). Let t be g(o). Suppose 2*n - 7 - 19 = 0. What is the greatest common divisor of t and n?
13
Let g be 10/30 + 20/(-6). Let f(s) = 3*s**2 + 4*s - 1. Let i be f(g). Let p be 37 - (0 - -1) - 1. What is the highest common divisor of p and i?
7
Suppose 0 = 3*w + 6, 0 = 3*v - 5*w - 34 - 39. Let j = v - 12. Calculate the greatest common factor of j and 18.
9
Suppose 1951 - 271 = 10*c. Let f(w) = -w**3 + 7*w**2 - 4*w - 6. Let h be f(5). What is the greatest common factor of c and h?
24
Suppose -3*s + 118 = -218. What is the greatest common divisor of 14 and s?
14
Suppose 5*p + 135 = 1210. What is the highest common factor of 86 and p?
43
Let j be (-12)/5*20/(-3). What is the greatest common factor of j and 4?
4
Let y = -16 - -46. What is the highest common factor of 75 and y?
15
Let x(v) = 3*v**2 + v. Let h be x(1). What is the greatest common divisor of h and 10?
2
Suppose -2*c + 1 = -5*y + 15, 0 = -4*c - 5*y + 32. Let u(z) = z**2 + 5. Let v be u(0). Suppose 116 = v*j - 49. What is the highest common divisor of c and j?
3
Let w(l) = 9*l**2 + l. Let f be w(-4). Let q = f + 31. Suppose -2*g = 2*k - 36, k = 2*g - 9 - 30. What is the greatest common divisor of q and g?
19
Suppose 2*a = 4*r + 36, 2*r = -4*a + 3*r + 79. Suppose -121 = -5*p + i + 27, 2*i - 124 = -4*p. Calculate the greatest common factor of a and p.
10
Let x = 50 - 39. Let v = 371 - 250. What is the greatest common divisor of v and x?
11
Suppose -r = -3*r + 8. Suppose r*c - 2*p